actors of w.
17, 1091
Suppose -b = -2*u - 9, 5*u = 7*u + 6. Suppose 0 = -b*x - r - 22, -4*r = x - 4*x - 47. List the prime factors of 738/24*(-12)/x.
41
Let f(k) = -26*k + 12500. List the prime factors of f(-61).
2, 7043
Let t = -5 - 8. Let b = -1016 + 1030. List the prime factors of t + b + -1 + 114.
2, 3, 19
Let c(p) = 36*p - 284. Let y be c(8). Suppose 8*d = y*d + 4*a + 656, -4*a = -d + 155. What are the prime factors of d?
167
Let o = 168 - 163. Let f(t) = 10*t**2 - t + 5. What are the prime factors of f(o)?
2, 5
Let v = 4019 + -617. Suppose 3*g - 3442 = -5*c, -41*c - v = -3*g - 38*c. What are the prime factors of g?
17, 67
Suppose 21889 = 4*m - 3*o, 0 = 7*m - 12*m + o + 27375. What are the prime factors of m?
2, 37
Let p = -1682 + 3291. List the prime factors of p.
1609
Suppose -5*i + 15 = 6*d - d, 0 = 4*i - 4. Suppose -4*j - f - 21 = 0, d*f - 3*f = -3*j - 7. What are the prime factors of ((-2)/j)/((-3)/(-252))?
2, 3, 7
Let h(y) = 3*y**2 - 20*y - 2961. List the prime factors of h(69).
2, 3, 1657
Suppose -155*z - 139135 = -166*z + 100247. What are the prime factors of z?
2, 3, 13, 31
Let p = 10978 - 5066. What are the prime factors of p?
2, 739
Let o be 16/(-10)*5/(-2). Suppose 5*d = 3*t - 728, -t = -2*d + o*t - 276. Let c = -80 - d. What are the prime factors of c?
2, 17
Suppose 5*v - 4*y - 30300 - 6361 = 0, 29333 = 4*v + y. List the prime factors of v.
7333
Suppose -26*z + 3*c - 77425 = -30*z, -4*z + 77376 = -4*c. What are the prime factors of z?
37, 523
Let u(z) = -5*z**2 - 4*z + 8. Let a be u(2). Suppose -3*p + 5*l = -28, -4*p - 2*l + 35 = -p. List the prime factors of ((-53185)/a)/p + (-6)/8.
241
Suppose -7*q = -13*q + 168. Let d = 31 - q. Suppose 0 = -d*k - 52 + 166. What are the prime factors of k?
2, 19
Suppose -139*b + 340784 = -118*b + 215*b. What are the prime factors of b?
2, 19
Suppose -36 = -3*w - l, -5*w - 4*l = -36 - 31. Let n(s) = s**3 - 9*s**2 - 15*s - 6. List the prime factors of n(w).
71
Let m(r) = r + 7. Let l be m(-5). Suppose 0 = -l*p + 5*p. Suppose -11*d + 7*d + 232 = p. What are the prime factors of d?
2, 29
Let y be -5*2*(-474)/60. Suppose -f = -2*j - y, -2*j = -j. List the prime factors of f.
79
Suppose 15*w = 4888 + 10952. Suppose -17*p - w = -18*p + 4*r, 0 = -p - 2*r + 1050. List the prime factors of p.
2, 263
Let s(j) = j**3 - 9*j**2 - 11 - 5*j**2 + 12*j + 9*j**2. List the prime factors of s(10).
3, 7, 29
Suppose 2*w + 5*u - 30940 = 0, -12*u + 8*u = 5*w - 77418. List the prime factors of w.
2, 5, 1549
Let c = 11705 - 7029. List the prime factors of c.
2, 7, 167
Suppose -685*m = -739*m + 2249532. What are the prime factors of m?
2, 3, 53, 131
Let d = -268 - 1895. What are the prime factors of (16/(-6))/(14/d)?
2, 103
Let n(l) = -998*l**3 + l**2 + 5*l + 4. Let x(p) = -p**2 + 20*p - 85. Let j be x(6). List the prime factors of n(j).
2, 499
What are the prime factors of 14494880/800 - (8/5 + -2)?
18119
Let u(y) = 68731*y**2 + 71*y + 75. What are the prime factors of u(-1)?
5, 59, 233
Let p(d) = -34*d + 579. What are the prime factors of p(-84)?
3, 5, 229
Let i(j) = j**3 + j**2 - 3. Let x be i(-2). Let c = -3 - x. Suppose 5*m - 919 = -c*u + 2*m, u - 233 = -4*m. List the prime factors of u.
229
Suppose -476 = -f + 2*x + 1029, 0 = 5*f - x - 7498. List the prime factors of f.
1499
Let b = -89 + 95. List the prime factors of (((-288)/7)/b)/(1/(-7)).
2, 3
Suppose -5*y + 34910 = 5*u, 14*u - 16*u - 34882 = -5*y. List the prime factors of y.
2, 3, 1163
Suppose -106015 = -43*g + 711. Let z = g + -1615. List the prime factors of z.
3, 17
Let v be -20*(99/(-6) + -2). Let q = 685 - v. What are the prime factors of q?
3, 5, 7
Suppose -15*w = -5*w - 50. Suppose 2*p = w*z - 3*p + 10, -10 = 3*z - 4*p. Suppose -z*c + 169 = -j - 210, 4*c - 4*j = 764. What are the prime factors of c?
2, 47
List the prime factors of 42118 - (-6 - ((-6)/9)/(6/81)).
5, 8423
Let p be (-336)/8*1/3. What are the prime factors of (-7)/p*(-2 + (13 - -1))?
2, 3
Suppose g = -0*z - 3*z - 10, 2*z = -3*g - 2. Suppose -d + 1041 = g*d + 3*y, 0 = -d - 2*y + 346. What are the prime factors of d?
2, 3, 29
Let j be 2/7 + 132/28. Suppose j*g + 3*a = -183, 2*g + 3*a = 25 - 100. List the prime factors of (-3 - 340/8)*g/7.
2, 3, 13
Let b(l) = -14 + 1 + 0 - 40 + 5*l. Let z be b(11). Suppose 0 = -4*y - 5*g + 157, 0*y + g = -z*y + 83. List the prime factors of y.
43
Let d(h) = -86*h**3 - h - 1. Let o be d(-1). Let b be (7/((-28)/(-24)) + -7)/1. Let m = b + o. List the prime factors of m.
5, 17
Let d(b) = -4*b**3 - 4*b**2 - 7*b + 3. Let y be d(-2). Suppose -7155 = -y*v + 24*v. What are the prime factors of v?
3, 5, 53
Let w be -12*1 - -4*(-6)/(-8). What are the prime factors of (42/w)/7*-375?
2, 5
Let z(d) = d**2 - 13*d + 5. Let v be z(13). Let o(u) = u - 8. Let b be o(8). Suppose -5*p - 2*c = -b*p - 455, 68 = p + v*c. What are the prime factors of p?
3, 31
Let j(k) = 8*k**2 + 31 - 5*k**3 - 115*k + 0 + 133*k. What are the prime factors of j(-6)?
1291
Let i = -17 + 3. List the prime factors of ((-500)/i)/(4/28).
2, 5
Let c(b) = 3*b**2 - 13*b - 19. Let y = -90 - -99. Let a be c(y). Suppose -a = -2*i - 5. What are the prime factors of i?
3, 17
Suppose -z - 24598 + 144941 = 4*l, -60169 = -2*l - z. List the prime factors of l.
3, 3343
Let u = 543 - 543. Suppose -3*g + 11*j - 10*j + 1045 = 0, u = 2*g + 2*j - 710. What are the prime factors of g?
2, 5, 7
Let h(t) = 2*t - 6. Let b be h(5). Suppose -u = -3*q + q + 341, q - b*u = 188. Let l = -78 + q. What are the prime factors of l?
2, 3, 5
Let i be (36/6 + -4)/(2/81491). Suppose 20586 - i = -13*a. List the prime factors of (a/20)/1 - 3/(-4).
5, 47
What are the prime factors of (38 - 8698)/(-5*3*6/45)?
2, 5, 433
Let t(c) = c**3 + 6*c**2 + 2*c - 1. Let l be t(-5). Let d(j) = 35*j + 2 - 4*j + l*j + 0*j. What are the prime factors of d(2)?
2, 23
Suppose 4*p - 21*p + 72437 = 0. List the prime factors of p.
4261
Suppose 0*p + 2*n = 4*p - 22, 3*p + 4*n = 0. Suppose -3*w = p*d - 5 + 33, -28 = 4*w - 4*d. Let h = w + 37. List the prime factors of h.
29
Suppose 0 = 2*b + 3*s - 11, -3*b + 2*s = -34 - 2. Let w be b/1 + 0/6. Suppose w*t - 640 = -6*t. List the prime factors of t.
2, 5
Let h = 49 + -48. Let y = 78 + h. Suppose y = g + 37. List the prime factors of g.
2, 3, 7
Let d = -3580 + 4584. List the prime factors of d.
2, 251
Suppose 62*f = 66*f + 512. Let g = 207 + f. What are the prime factors of g?
79
Let p(j) = j**3 + 22*j**2 + 29*j + 21. Let m = 150 + -158. List the prime factors of p(m).
5, 137
What are the prime factors of 9/(27/(-164))*(-124908)/112?
41, 1487
Suppose -27078 = -4*h - 2*o + 27260, -4*o - 67981 = -5*h. List the prime factors of h.
107, 127
Let v be (19 - 144)*(-22)/(-5)*-1. Let p = v + -92. Let y = p - 202. List the prime factors of y.
2
List the prime factors of (-9604 - 2158)*(2 - -3)*1/(-2).
5, 5881
Suppose 34*j + 228202 - 867582 = 14*j. List the prime factors of j.
7, 4567
Suppose -67231 - 36665 = -39*n. What are the prime factors of n?
2, 3, 37
Suppose -15 = -6*f - 3. Suppose f*j - 42 = -12*j. Suppose 367 = j*b + 10. What are the prime factors of b?
7, 17
Suppose -5*v = 16*v - 105. What are the prime factors of -1200*(-1 + (-19)/v - -4)?
2, 3, 5
Suppose 3*l - 1 = -4*f - 0*l, 2*l = -10. Suppose -s = 3*h - 10, -f*h + 7 + 9 = 2*s. Suppose h*o = o + 24. List the prime factors of o.
2, 3
Let o(y) = 2*y + 34. Let c be -82*(-7)/56 - 1/4. Suppose 0 = h - c - 4. What are the prime factors of o(h)?
2, 31
Suppose 0*h - 18*h + 2593 = -8135. List the prime factors of h.
2, 149
Let q(d) = -1689*d - 2598. List the prime factors of q(-21).
3, 10957
Suppose 0 = 4*h + 3*r + 19 + 28, 4*h - 2*r + 22 = 0. Let j(z) = 53*z - 1. Let l be j(-1). Let s = h - l. What are the prime factors of s?
2, 23
Suppose -b - 4*r = -16584, 30 = -17*r + 22*r. What are the prime factors of b?
2, 3, 5, 23
Let m(h) = h**3 + 8*h**2 - 12*h - 23. Let y be m(-9). Let u(k) be the first derivative of 13*k**3/3 + 3*k**2/2 - 9*k + 28. List the prime factors of u(y).
211
Suppose -g - 3*c = -75, 0 = -5*g + c - 2*c + 333. What are the prime factors of 3/(-6)*g*-2 - 2?
2
Let x be 12/(-30) - 683/5. Let u be (-14868)/(-59) + 16/(-2). Let r = u + x. List the prime factors of r.
107
Suppose -27*k + 20594 = -5*k - 63710. What are the prime factors of k?
2, 479
Let x(k) = k